3 = 0, -4*m - d + 71 = 2*d. Suppose -2*a + m = 4*j, 3*a - 15 = -4*j - 0*a. Calculate the remainder when 1/j + 312/9 is divided by 12.
11
Let n = -9 - -30. Calculate the remainder when 41 is divided by n.
20
Suppose d - 16 = -3*d. What is the remainder when (d - 5)*37*-1 is divided by 20?
17
Suppose 33 = -4*j - 7. Let m = -4 + 20. Let d = m + j. What is the remainder when d is divided by 4?
2
Let s = -13 - -8. Calculate the remainder when 6 is divided by 162/45 + (-2)/s.
2
Suppose -4*r + 0*q = -3*q + 3, r + 2 = 2*q. Suppose r = t + t - 134. Suppose t + 37 = 4*d. Calculate the remainder when d is divided by 9.
8
Suppose 0 = a + 3*d - 30, 3*a - 3*d = -2*a + 78. What is the remainder when 105 is divided by a?
15
Calculate the remainder when 0/(1 + -3) - (11 - 39) is divided by 11/1 - (0 + 1).
8
Suppose r + 29 - 184 = 0. Suppose -3*d + r = 2*d. Calculate the remainder when d is divided by 16.
15
Suppose 2*d = -5*v - d + 55, 28 = v + 4*d. What is the remainder when 23 is divided by v?
7
Let x = 40 - 24. Suppose -55 = 5*s - 4*v, 4*v = s - 0*s + 11. Let j = 17 + s. Calculate the remainder when x is divided by j.
4
Let a(o) = o**3 + 5*o**2 - 7*o - 1. Let x be a(-6). Suppose -4*w - 2*q + 4 = 3*q, 0 = 2*w - x*q - 32. What is the remainder when 16 is divided by w?
4
Let p(w) = 6*w - 1 - 3 - 2 + 1 - w**2. What is the remainder when 5 is divided by p(4)?
2
Let w(f) = -f**3 + 2*f**2 + f - 1. Let s(z) = z + 10. Let j be s(-7). Let a = j + -5. What is the remainder when w(a) is divided by 7?
6
Let o = 38 - -15. What is the remainder when o is divided by 28?
25
Let o(b) = -b**3 + 5*b**2 - 5*b + 6. Let m be o(4). Suppose 3*t = c - 1, m*t = 4*t - 2*c + 6. What is the remainder when 4 is divided by t?
0
Let l(d) = -d**2 + d. Let v be l(-3). What is the remainder when 32 is divided by ((-22)/v)/(4/24)?
10
Suppose 48 = -4*q + 216. Let f(y) = y**3 - 13*y**2 + y - 2. Calculate the remainder when q is divided by f(13).
9
Let r = 50 + -35. Suppose -3*n = 5*y - 31, 4*y = -n - 0*n + 29. What is the remainder when r is divided by y?
7
Let g(w) be the second derivative of 0 + 1/2*w**2 + 1/2*w**3 - 7/12*w**4 + w + 1/20*w**5. What is the remainder when g(7) is divided by 6?
4
Let n(u) = -23*u**2. Let c be n(1). Let f = c + 37. What is the remainder when 40 is divided by f?
12
Suppose 0*x + 173 = 3*x + 2*a, x - 2*a = 55. Suppose -11 = y - x. Let o = 10 - -6. Calculate the remainder when y is divided by o.
14
Let o(s) = 310*s**2 + s + 1. Let g be o(-1). Calculate the remainder when g/18 - (-8)/(-36) is divided by 6.
5
What is the remainder when (-31)/1*(-4 + 1) is divided by 47?
46
Let j(m) = -2*m - 4. What is the remainder when 16 is divided by j(-5)?
4
Let m = -13 + 34. What is the remainder when m is divided by 6?
3
Let r = 14 - -6. What is the remainder when r is divided by 7?
6
Let j be (-2)/8 + (-303)/(-12). Calculate the remainder when 47 is divided by 295/j + (-1)/(-5).
11
Let s(n) be the third derivative of -n**4/24 + 10*n**3/3 - 8*n**2. What is the remainder when s(9) is divided by 6?
5
Let n(v) = 45*v**2 - 2*v - 1. Let x = 8 + -9. Calculate the remainder when n(x) is divided by 24.
22
Suppose 0 = -3*l - 3*b - 39 - 9, -4*b = 4. Let i = l - -45. Suppose -5*m - 3*d + i = -d, 5*m - d = 45. What is the remainder when m is divided by 3?
2
What is the remainder when (10/3)/((-5)/(-15)) is divided by 3*(-2)/8*(-64)/12?
2
Let n(v) = 2*v + 20. What is the remainder when n(13) is divided by 25?
21
Let f = -23 - -34. Calculate the remainder when 130 is divided by f.
9
Suppose -5*o + 440 = 3*g, 4*o + 4*g - 175 - 177 = 0. Calculate the remainder when o is divided by 23.
19
Let f(s) = 2*s**2 + s + 2. Let o be f(-4). Suppose 4*x - 22 = o. Calculate the remainder when 49 is divided by x.
10
Let y(x) = 12*x. Calculate the remainder when (-1 + 2)*(22 + 0) is divided by y(1).
10
Suppose 0*m - m = 1. Calculate the remainder when 11 is divided by m + -14*(-1)/2.
5
Suppose 3*a - 21 = -s + 23, 44 = s + 5*a. What is the remainder when s is divided by 13?
5
Suppose 5*i - 2 = j, -3*j + 2*i = 1 - 8. Suppose 2*w - 2*b - 70 = 0, -j*w = -6*b + 2*b - 107. Calculate the remainder when w is divided by (9/4)/((-1)/(-4)).
6
Let w be (1/(-2))/((-2)/(-88)). Let j = w + 50. Calculate the remainder when j is divided by 10.
8
Let s = -1 + 3. Let m be (-3 + s)*2 - 10. Let l = m - -27. Calculate the remainder when 44 is divided by l.
14
Let p = 17 + 11. Suppose -4*g = 2*s - p, 0*s - 3*s = -4*g - 2. What is the remainder when 23 is divided by s?
5
Let g = -4 - -15. Let z be (-35)/5 - (-2 - 0). Let y(r) = 3*r**2 + 6*r - 3. What is the remainder when y(z) is divided by g?
9
Calculate the remainder when 6*(686/30 - 1/5) is divided by 47.
42
Let c(u) = u**2 + 4*u - 15. What is the remainder when c(-8) is divided by 5?
2
Suppose 5*o - f - 91 = 22, -5*o - 3*f + 101 = 0. What is the remainder when o is divided by 5?
2
Suppose 2*g = 4 + 2. Let t be ((-3)/g)/((-3)/255). Suppose -5*o = -0*o - t. Calculate the remainder when o is divided by 6.
5
Let l = 4 + 1. Let u(v) = -v**2 + 6*v - 1. Let o be u(l). Suppose -5*b + 0*p + 245 = 5*p, -o*b = -4*p - 164. Calculate the remainder when b is divided by 12.
9
Let o = 7 + -3. Let r = 4 - -5. What is the remainder when o/(-2)*-17*1 is divided by r?
7
Let z = -3 - -58. What is the remainder when z is divided by 28?
27
Let i = -30 - -48. Let z(w) = -w + 34. Calculate the remainder when z(0) is divided by i.
16
Suppose 32 = -0*t + 4*t. Calculate the remainder when (-14)/(-4)*(-3 - -7) is divided by t.
6
Suppose -o = 1, -2 = -5*z - 4*o + 34. What is the remainder when 30 is divided by z?
6
Let z be (-2)/10 - 1446/(-30). What is the remainder when 39 is divided by (z/1)/3 - 2?
11
Suppose -5*k + 33 + 7 = 0. What is the remainder when 38 is divided by k?
6
Let c = 30 + -2. Calculate the remainder when 53 is divided by c.
25
Let a = -39 - -81. Calculate the remainder when a is divided by 4.
2
Let v = 263 + -131. Suppose -t = b - 7 + 3, -5 = -b - 2*t. What is the remainder when v/(-8)*(-2)/b is divided by 6?
5
Suppose 0 = 2*a + 10, -2*s + 2*a + 103 + 1 = 0. What is the remainder when s is divided by 25?
22
Let l(k) = k**3 + 10*k**2 - k + 12. Let q(c) = 2*c**2 + c**2 + 3*c**2. Calculate the remainder when l(-10) is divided by q(-1).
4
Suppose -5*u - 17 = -62. Suppose -5*p = -u - 41. Let q = -8 - -26. Calculate the remainder when q is divided by p.
8
Let q = -5 - -5. Suppose q*z - 3*z = -6. Suppose 3*m - 90 = -z*m. What is the remainder when m is divided by 10?
8
Let c be (-6)/(-33) - 106/(-22). Suppose -3 = c*d - 23. Suppose 0 = h - d - 10. What is the remainder when 27 is divided by h?
13
Let i(o) = 35*o**2 + 1. Let u be i(-1). Suppose -2*w + x + u = 0, -w = -3*x + 3 - 21. Calculate the remainder when 51 is divided by w.
15
Let r(g) = g**3 - 10*g**2 + 7*g - 25. Calculate the remainder when r(10) is divided by 12.
9
Let v = 130 + -23. What is the remainder when v is divided by 11?
8
Suppose 4*i - 36 - 20 = 4*h, 2*h = -4. Calculate the remainder when (-2 - -3)*35*1 is divided by i.
11
Suppose 4*f = 2*f - 36. Let d = 36 + f. What is the remainder when 71 is divided by d?
17
Calculate the remainder when ((-16)/10)/(12/(-30)) is divided by 1.
0
Let y(o) = 5*o**2 + 3*o + 3. What is the remainder when y(3) is divided by 15?
12
Let m(x) be the third derivative of x**4/24 + 4*x**3/3 + x**2. Let n be m(-6). Suppose n*w = 5*w - 27. Calculate the remainder when w is divided by 5.
4
Let f(l) = -l**2 + 10*l + 3. Calculate the remainder when f(8) is divided by 7.
5
What is the remainder when 68 is divided by (5 - 6)/(1/(-23))?
22
Let y = 110 + -101. Calculate the remainder when 24 is divided by y.
6
Suppose 5*k - 11 - 9 = 0, -2*s - 4*k - 36 = 0. Let c = s - -48. Calculate the remainder when c is divided by 12.
10
Let g(r) = -3 - 12*r**2 + 11*r**2 + 4 - 4*r. Let d be g(-3). Suppose -2*m + z = -4 - d, -5*m + 14 = -z. What is the remainder when 2 is divided by m?
0
What is the remainder when 65 is divided by 28/2 + (2 - -1)?
14
Let y(t) = -21*t**2 + 3*t + 3. Let o be y(-1). Let r = o + 35. What is the remainder when 53 is divided by r?
11
Suppose 0*y = -3*y. Suppose 2*a = 78 - y. Calculate the remainder when a is divided by 21.
18
Let b = 1 - -3. Let y be 27 - (1 + 0 - 4). Suppose 3*k - 2*s - y = 3*s,